 = -w + 3*v. Suppose -2*s + w - 7 = 0. Calculate the remainder when s is divided by 9.
5
Suppose 0 = y + y - 44. Suppose 3*h - 4 = 20. Calculate the remainder when y is divided by h.
6
Let s(g) = g**2 + g + 2. Suppose 0 = -2*w - 0*w + 4, w = -5*a + 32. What is the remainder when 16/(-24) + 250/a is divided by s(4)?
19
Let g(j) = 2*j**3 - 9*j**2 - 2*j - 4. Let d be g(5). Suppose d = 2*c - 67. Calculate the remainder when c is divided by 20.
19
Let x = 6 + 4. Suppose 5*k = 4*k - 5. Let a(c) = -c**2 - 3*c + 14. Calculate the remainder when x is divided by a(k).
2
Let f(z) = 2*z**2 - 33*z + 319. Calculate the remainder when f(24) is divided by 11.
8
Suppose 0 = 5*f - 508 - 1092. Calculate the remainder when f is divided by 49.
26
Suppose -l = 5*d - 36, -51 - 38 = -3*l + 4*d. Suppose -187 = -22*w + 11*w. What is the remainder when l is divided by w?
14
Let q be 2*30/(-8)*-2. Suppose q = -4*y + 95. Let n = -61 + 68. What is the remainder when y is divided by n?
6
Let q(y) = y**2 - 47*y + 299. Calculate the remainder when q(41) is divided by 40.
13
Suppose 0*m + 3*m + 186 = 0. Let d(t) = -4943*t + 24731. Calculate the remainder when m*(2/4 - 1) is divided by d(5).
15
Suppose x = 3*x + 26. Let n = 37 + x. What is the remainder when n is divided by 14?
10
Let v = -14 + 17. Suppose -h - 2 = -3*z + 22, 24 = v*z + 2*h. Calculate the remainder when 29 is divided by z.
5
Let w(m) = -255*m - 4. Let l(j) = -254*j - 4. Let h(y) = -5*l(y) + 6*w(y). Calculate the remainder when h(-1) is divided by 43.
41
What is the remainder when 0 + -3 + (-1224)/(-8) is divided by 17?
14
Let q(l) be the second derivative of l**4/12 + 2*l**3/3 + 2*l**2 + 11*l. What is the remainder when q(-6) is divided by 5?
1
Suppose 136 = 19*c - 15*c. Calculate the remainder when c is divided by 7.
6
What is the remainder when 203 is divided by -5 - 0 - (221/(-13) + -5)?
16
Let t be (2/(-1))/(4/(-32)*-4). What is the remainder when 167 is divided by 14*(-1)/t*16?
55
Let g(u) = 4*u**2 + 8*u - 20. Calculate the remainder when 227 is divided by g(-6).
75
Suppose f = 3*y - 3, -4*f - 3 + 2 = -y. Let r(a) = a - 10*a**2 + 20*a**3 + 8*a**2 + f*a**2 - 2 + 3. What is the remainder when 77 is divided by r(1)?
17
Let d = 22 + -7. Let c = d - 17. Calculate the remainder when 61 + c/2 + 2 is divided by 16.
14
Suppose -13*j = -16*j + 414. What is the remainder when j is divided by 49?
40
Suppose -4*n + 35 = 5*y - 6*n, 3*y - 47 = -4*n. Calculate the remainder when 808 is divided by y.
7
Suppose 4*k = -q + 39, -5*q + 258 = 3*k + 29. Suppose 5*x = -o + q - 155, -2*o = 3*x + 62. Let a = -10 - x. Calculate the remainder when a is divided by 7.
5
Suppose 12*s - 24 = 8*s. Suppose s*f = 52 + 32. Calculate the remainder when f is divided by 10.
4
Let r = 218 - 216. Calculate the remainder when 6 is divided by r.
0
Let z be 6/(-5)*10/(-6). Suppose z*c - 73 = -3*x + 34, -8 = -2*c. What is the remainder when 129 is divided by x?
30
Let j(g) = g + 2. Let c be j(-8). Let v be 2 + (c + -1 - -3). Calculate the remainder when ((-8)/(-12))/v*-111 is divided by 13.
11
Let d = 425 - 412. Calculate the remainder when 25 is divided by d.
12
Let g = 33 + -26. Suppose -g*a + 22*a - 585 = 0. What is the remainder when 154 is divided by a?
37
Let o(r) = -r**2 - 18*r - 28. Calculate the remainder when 108 is divided by o(-8).
4
Let o be 29*1 + (15 - 19). Let r = o - 13. Calculate the remainder when 59 is divided by r.
11
Let h(n) = 3*n + 28. What is the remainder when h(10) is divided by 15?
13
Let a = -2 - -4. Suppose 2*c + a*x = -x, 0 = -c + 5*x. Suppose 4*b + 5*u = 5, 2*b = -c*b + 4*u + 22. Calculate the remainder when 17 is divided by b.
2
Let o(d) be the second derivative of 0 - 3*d + 1/2*d**3 - 3*d**2. Calculate the remainder when o(5) is divided by 5.
4
Let k(d) = -d**3 - 14*d**2 - 11*d + 48. Let t be (-1)/3 + 874/(-69). What is the remainder when 79 is divided by k(t)?
13
Suppose -2*r + 4*l = -24, r + 3*l - 22 = -0*r. Let m(s) = 2*s**2 + 4*s - 4. Calculate the remainder when m(4) is divided by r.
12
Suppose -38*d + 40*d - 40 = 0. Suppose 3*g + d = 5*g. What is the remainder when 29 is divided by g?
9
Suppose 57*x - 595 = 40*x. Let j be (5 - 2)/(-6)*-4. Suppose -2*c + 48 = j*c. What is the remainder when x is divided by c?
11
What is the remainder when 162 is divided by ((-364)/39)/((-1)/3)?
22
Let i = 29 - 16. Let y = 67 + -45. Suppose f = 2*f - y. Calculate the remainder when f is divided by i.
9
Suppose -2*a + 286 = 2*i, 5*a - 83 = -i + 80. What is the remainder when i is divided by 48?
42
Let b(r) = -r**2 - 27*r - 43. Let h be b(-19). Suppose -5*y - 39 = -h. What is the remainder when 49 is divided by y?
7
Let g = 23 - 21. Suppose 4*i = -a + 99, 0*i + g*i - 33 = 5*a. Suppose -4*d + v = -v - 56, 2*d - 3*v = i. Calculate the remainder when 28 is divided by d.
13
Let l = 5 - -9. Suppose 0 = -5*h + 2*t - 85 - 79, 2*h = 5*t - 53. Let i = 42 + h. What is the remainder when l is divided by i?
6
Calculate the remainder when 1*49 - (-8)/(-4) is divided by (1 - 3) + 180/12 + -6.
5
Let z(o) = -11*o - 46. What is the remainder when z(-8) is divided by 16?
10
Let b = 49 + -29. Suppose 11 = -3*c + b. Suppose -2*h + 85 = c*h. What is the remainder when 48 is divided by h?
14
Let m = 393 + -313. What is the remainder when m is divided by 31?
18
Let b(f) be the third derivative of 11*f**5/60 + f**4/3 + 2*f**3/3 - 8*f**2. Let u be b(6). What is the remainder when (-3)/(4/(u/(-12))) is divided by 15?
13
Let u(n) = n**3 - 50*n**2 - n + 53. What is the remainder when 19 is divided by u(50)?
1
Let c(w) = 2*w**2 - 24*w + 162. Calculate the remainder when c(14) is divided by 26.
10
Suppose -1 = 5*h - 31. Suppose h*p - 87 = -15. What is the remainder when 24 is divided by p?
0
Suppose 16*p = 12*p. Suppose 2*y + p*i + 4 = 2*i, -y - i = -4. Let t = 32 + y. Calculate the remainder when t is divided by 18.
15
Let k = -6 - -9. Suppose 7*l - 10 = -k. Suppose -4*i = -0*z + 2*z - 8, -3*i = z + l. What is the remainder when 55 is divided by z?
13
Let y = -51 + 56. Suppose y*t - 200 - 75 = -5*l, 0 = -3*t - 2*l + 167. Calculate the remainder when t is divided by 12.
9
Let n(h) = 12*h. Calculate the remainder when 101 is divided by n(3).
29
Let x = -3 + 9. Let l be (-16)/28 - -1 - 25/(-7). Suppose 0 = -2*b + l*s - 2, -b - 5 = s - 10. Calculate the remainder when x is divided by b.
0
Suppose 2*i + 1 = i, 5*d = 5*i + 1540. What is the remainder when d is divided by 103?
101
Let g = -103 - -104. Calculate the remainder when (-18)/(-45) - ((-2304)/15 - g) is divided by 13.
12
Let t = 618 - 603. Calculate the remainder when (1 + 0)*(-28)/(-1) is divided by t.
13
Suppose 234*r - 1820 = 227*r. Calculate the remainder when r is divided by 71.
47
Let a = 14 - 10. Suppose 0 = 5*d - a*d - 39. Let x = 44 + -24. Calculate the remainder when d is divided by x.
19
Let u(i) = -3*i + 30. Let z be u(9). Suppose 4*g - 50 - 97 = z*y, y = 5*g - 192. What is the remainder when g is divided by 11?
6
Let s = 24 + 12. Calculate the remainder when ((-21)/1 + -1)/((-9)/s) is divided by 23.
19
Suppose h + 4*l - 9*l = 140, 3*l - 672 = -5*h. Let p = -8 - -13. Suppose 0*g - h = -p*g. Calculate the remainder when g is divided by 10.
7
Suppose -3*w + 234 = -0*w. Calculate the remainder when w is divided by 60*(0 - 1)*(-9)/27.
18
Let q(o) = 2*o**2 + o + 1. Let n be (-6)/4 - (-5)/10. Let m be q(n). Suppose -88 = -m*f - 2*f. What is the remainder when f is divided by 8?
6
Let g(r) = -126*r**3 + 3*r**2 - r - 3. Calculate the remainder when g(-1) is divided by 33.
28
What is the remainder when 35 is divided by ((-228)/190)/(4/(-30))?
8
Let h = 52 - 95. Let f(v) = v - 4. Let i be f(-5). Let l = i - h. What is the remainder when l is divided by 18?
16
What is the remainder when 126 is divided by ((-24)/16)/((-6)/16) + 12?
14
Let t be -58*((-2)/(-8))/((-7)/14). Suppose s - 3*d - 2*d = 9, -s + d = -t. Calculate the remainder when 134 is divided by s.
32
Suppose -3*j = 6 - 27. What is the remainder when 2*(1 + 0) + 23 is divided by j?
4
Let c(d) = -d**3 + 11*d**2 - 31*d + 30. Calculate the remainder when 60 is divided by c(5).
10
Let h(q) = 79*q. Let s(w) = -17696*w. Let n(v) = 1343*h(v) + 6*s(v). What is the remainder when n(-1) is divided by 21?
16
Calculate the remainder when 32 is divided by